9))?
9
Suppose -r - 3*m = -6*m - 25, -25 = -5*m. Suppose r = 2*v - 2. What is the tens digit of v?
2
Let n(p) = -56*p**3 - 3*p**2 + 2*p + 8. What is the hundreds digit of n(-2)?
4
Suppose 10*u + 2*u = 2352. What is the tens digit of u?
9
Suppose -9*h + 18195 = -4224. What is the thousands digit of h?
2
Suppose 2*f = -2*s + 34, 51 = 2*f + 4*s + 13. Suppose 7*r - f*r = -640. What is the tens digit of r?
8
Let i(g) = -2*g + 27. Suppose -3*n + 2*n = 4*p + 29, 34 = -5*p + n. What is the tens digit of i(p)?
4
Suppose 0 = -3*m + 2*g + 17, g = -4*m - 0*g + 19. Suppose 4*j = m*j + 1, 0 = 5*v + j - 879. What is the units digit of v?
6
Suppose -296*a + 287*a + 20277 = 0. What is the thousands digit of a?
2
What is the units digit of (-30)/((-34)/(-20)*-2 + 3)?
5
What is the tens digit of (-668838)/(-285) + 2/10?
4
Let i(q) = 4*q**2 + 3*q - 8. Let j be -2 + ((-2)/7)/(2/(-56)). What is the tens digit of i(j)?
5
Suppose -2*j - 9 = 3*p, -p + 5*p + 12 = 4*j. Suppose 0 = o + 2, -i - 5*o + 58 = -j*o. What is the units digit of i?
8
Let u = 0 + 14. Let g(j) = j**2 - 17*j - 5. Let b be g(u). What is the units digit of (b/3)/((-4)/12)?
7
Suppose 609 + 937 = x - 2*m, -5*x + 7710 = -5*m. What is the tens digit of x?
3
Let q(c) be the first derivative of -c**5/60 - c**4/12 + 5*c**3/3 - 2. Let l(i) be the third derivative of q(i). What is the units digit of l(-2)?
2
Suppose -4*k - 2086 = -2*f, 33*k = -4*f + 35*k + 4166. What is the thousands digit of f?
1
What is the units digit of 5918/7 + 16/28?
6
Suppose 1 = -m, -4*y + 0*y + 21 = -m. Suppose y*v + 611 = 1621. What is the tens digit of v?
0
Suppose 2*o + 10 = 0, 2*o - 5*o - 303 = -4*a. Suppose -5*d + b = -646, 4*b = -2*d - a + 348. What is the units digit of d?
0
Let l = 72 + -42. Suppose 0 = g - 2*g + 4. Suppose 2*u = 4*o - l, -g*o + u = -o - 24. What is the units digit of o?
9
Let q(m) = 13*m + 2 - 14*m + 1 - 6. Let t be q(-6). Suppose v = -t*l - 1, 2*v - 2*l - 10 = 28. What is the units digit of v?
4
Let z be (6/(-8))/((-15)/120). What is the hundreds digit of 225 - 1/(-3*1/z)?
2
Let f(a) = -51*a + 185. What is the hundreds digit of f(-8)?
5
Let l(g) = 153*g**2 + 3*g + 3. Suppose 7*x - 3*x + 4 = 0. What is the units digit of l(x)?
3
Suppose 7*m - 2*m = 5400. What is the thousands digit of m?
1
Let f = -80 - -113. Let b be 4/(-6) - (-1771)/f. Suppose -b = -5*d + 22. What is the units digit of d?
5
Let i be 2/(-10) + 2280/25. Suppose -86 = -3*b + i. What is the units digit of b?
9
Let x(j) = 9*j**3 + 2*j - 4. Let k be x(2). Let i = k - -93. What is the hundreds digit of i?
1
Let y(q) be the second derivative of 1/6*q**3 + 0 + 15/2*q**2 + 3*q. What is the units digit of y(-10)?
5
Let j(f) = -f + 22. Let r(y) = y**2 - 2*y - 5. Let l be r(4). Suppose 10 + l = m. What is the units digit of j(m)?
9
Suppose n + 1 = -3*r + 8*r, 4*n - 4*r = -20. Let v(b) be the second derivative of -b**3/2 + 3*b**2 + 4*b. What is the tens digit of v(n)?
2
Let t(i) = i - 2. Let d be t(-2). Let s(m) = -m**3 - 5*m**2 - 5*m - 4. Let c be s(d). Suppose 4*l + c*l = 116. What is the units digit of l?
9
Let s = 6 + -6. Suppose b = -2*b - 3*r + 6, s = -3*r - 15. Let z = 9 + b. What is the units digit of z?
6
Let s be (-15 - 15)*14/4. What is the units digit of 4/10 - 10878/s?
4
Let x be ((-4)/5)/(23/(-345)). Let b be x/(-3) - -484 - 3. Suppose -b = -5*m - 132. What is the units digit of m?
9
Let s(a) = 59*a**2 + 5*a + 16. What is the tens digit of s(-7)?
7
Let c be (12/(-18))/(2/(-9)). Let w(z) = z**2 - 5*z + 2. Let r be w(c). What is the tens digit of (-1)/r + (-306)/(-24)?
1
Let g be (-1 + 16)*4/6. Suppose 74 + g = 6*w. What is the units digit of w?
4
Let y be 18/(-15)*(-15)/6. Let m be 2/y*-1*3. What is the units digit of m/(-7) + (-145)/(-7)?
1
Let v be 4 + -1*(-12)/(-4). Let o(q) = -4*q**2 + q**3 + v + 2 + q + 3*q - 1. What is the tens digit of o(4)?
1
Suppose 14*o - 38574 = 5*o. What is the tens digit of (-2)/(-13) + o/26?
6
Let f = 1014 + -541. What is the hundreds digit of f?
4
What is the tens digit of 1679 + -104 + (-1 - -7)?
8
Let a(v) = 23*v + 34. What is the tens digit of a(10)?
6
Let d(i) = 18 - 6 - 37*i + 30*i. Let b = -4 - 1. What is the units digit of d(b)?
7
Suppose -3*x = -2*f - 1, 23*f - 25*f - 2*x = -14. What is the units digit of f?
4
Suppose -39 - 71 = 5*w. Let d = w + 66. What is the tens digit of d?
4
Let d = 15 - 13. Suppose -d*h = -78 - 74. What is the units digit of h?
6
Suppose -5*l + 218 + 142 = 0. What is the units digit of l?
2
What is the hundreds digit of ((-2)/(-8))/(-1 + 7188/7184)?
4
Suppose 0 = -4*f + 1 + 11. Let o(d) = d**2 - 6. Let h be o(f). Suppose 2*l = -2*v + 18, 2*l - h*v - 1 = 2. What is the units digit of l?
6
What is the tens digit of (159 - 0)*(112/(-24))/(-7)?
0
Let q(s) be the second derivative of -s**5/20 + 3*s**4/4 + 4*s**3/3 - 13*s**2/2 + s. Suppose 72*c = -2*c + 666. What is the tens digit of q(c)?
5
Suppose -340 + 100 = 5*c. Let r be 2/(-1) - c/(-12). What is the tens digit of (-325)/(-20) + r/(-8)?
1
Let h(c) be the third derivative of c**4/8 + 5*c**2. Let x be h(9). Suppose 4*z - 7*z + x = 0. What is the units digit of z?
9
Let q(r) = -r + 14. Let n be q(-14). Suppose -22 = -5*g + n. Suppose 7*m = g*m - 15. What is the units digit of m?
5
Let o = -616 - -864. What is the tens digit of o?
4
What is the units digit of ((-11085)/6 + 0)*(-68)/85?
8
Let h = -67 - -493. What is the hundreds digit of h?
4
Suppose 0 = 7*n - 1074 - 1362. What is the units digit of n?
8
Let a(m) = m**2 - 6. Let b be a(0). Let s(l) = 9*l**2 + 5*l + 2 + l**2 + l**3 - 3*l**2. What is the units digit of s(b)?
8
Suppose 2*i = -4*j + 4872, j + 4*i - 193 - 1011 = 0. What is the hundreds digit of j?
2
Let y = -21 + 137. Let t = 34 + -28. Suppose 2*n + y = t*n. What is the tens digit of n?
2
Let j(q) = 5*q + 30. Let o be j(-6). Suppose -2*x + 3*f + 90 = 0, o*f = 2*x + 5*f - 74. What is the tens digit of x?
4
Suppose 3*d = 2*d + 2. Suppose -3*h = -g - 0*g - 9, d*g = -4*h + 32. Let m = 12 - g. What is the units digit of m?
6
Suppose 5*t - 16 = 14. Let c = 4 - 3. What is the units digit of ((-8)/t)/(c/(-3))?
4
Let c = 4986 + -2058. What is the thousands digit of c?
2
Let l(w) = 2*w**3 - 5*w**2 + 27. What is the hundreds digit of l(7)?
4
Suppose -278 = -2*l + 72. Suppose 175 = 5*k - c, 0 = 5*k - 4*c + 6*c - l. What is the units digit of (-4)/(-5) - (-1547)/k?
5
Suppose 5*k - 437 = -5*h + 7*k, -263 = -3*h + 2*k. Let j = -1 - -1. Suppose -5*z + h + 68 = j. What is the units digit of z?
1
Let s = -1965 + 2295. What is the units digit of s?
0
What is the tens digit of (-12744)/(-12) + (-3 - -9)?
6
Suppose 5*u + 15 = 0, 23 = -3*d + 5*u + 65. What is the tens digit of 590/18 - (-2)/d?
3
Suppose -12 + 4 = -2*n, 2*v - 2*n = 0. Suppose 3*c + 9*s + 17 = v*s, -4*s - 11 = 5*c. What is the tens digit of 69*(c + 6/(-9))?
2
Let w(v) = 2*v**2 - v + 2. Let u = -10 - -7. Let j be (-2 - u)*-1*4. What is the units digit of w(j)?
8
Suppose -2*u = -4 - 14. Let b(v) = 2*v**3 - 3*v**2 - v + 2. Let o be b(2). Let y = u - o. What is the units digit of y?
5
Let z(u) = -431*u + 207. What is the tens digit of z(-12)?
7
What is the units digit of (-1158)/8*(78 + -82)?
9
Let i(a) = 3*a**2 - 22*a - 30. What is the tens digit of i(17)?
6
Let u(r) = -14*r**3 + r**2 - 2*r - 1. Let g be (-1)/(2 + 3/(-2)). What is the tens digit of u(g)?
1
Suppose u - 4*h = 22, u - 2*h = 3*h + 27. Suppose 0 = -3*f - 4*s + 440, 0 = 5*f - u*s + 6*s - 720. What is the units digit of f?
0
Let q be -4*((-52)/8 + 3). Let w be (-37)/(-7) - 4/q. Suppose 4*k + 149 = w*i, -4*i + 54 = 4*k - 58. What is the tens digit of i?
2
Let z(o) = o**3 + 15*o**2 - o - 10. Let c be z(-15). Suppose 0 = 5*s - s - 168. Suppose 4*v + 3*a - s = v, -c*v + 70 = 4*a. What is the units digit of v?
4
Suppose 2*l + 2*s = -3*s + 28, -4 = l - 2*s. Suppose 5*t + l*x - 445 = 0, -5*t + 275 = -2*x - 170. What is the tens digit of t?
8
Let a be (-1 - 2149)*10/(-20). Suppose a = -6*f + 11*f. What is the hundreds digit of f?
2
Suppose 0 = -24*x + 37*x - 4511. What is the hundreds digit of x?
3
Suppose -d + 3*d - 188 = 0. Let j = -165 + d. Let q = 103 + j. What is the units digit of q?
2
Let o(w) = -w**2 + 6*w + 4. Let y be o(4). Let f(u) = -7 - 3 + 6*u - 7 - 11. What is the tens digit of f(y)?
4
Let y = 35 - -3. Suppose 3